. Let h be j(-2). Let n = 17 + h. Suppose q - 3*b + 1297 = n*q, -5*b + 1048 = 4*q. Is q composite?
False
Let f(g) = 23*g**2 - 8*g - 11. Let z be f(8). Suppose 9*n - z = -2*n. Is n composite?
False
Let r be (24/(-10))/((-6)/20). Is 4/r + (-630)/(-12) a prime number?
True
Let i(h) = 86*h**2 + 3*h - 5. Let v(y) = y - 15. Let c be v(9). Is i(c) a composite number?
True
Suppose -q - 402 = -3*b, -4*b + 5 = -7. Let g = q + 2926. Is g composite?
True
Is (-34)/119 - (-489738)/14 - -4 a composite number?
True
Let a be 16/(-10) - (-4)/(-10). Let d be 1549 - (2 - 0)/2. Is a/7 - d/(-28) prime?
False
Let f be ((-8)/10*-4)/(12/240). Let j = 253 + f. Is j a prime number?
True
Suppose -4*x + r + 3*r + 16 = 0, -26 = -2*x - 4*r. Let v = x - 5. Suppose 3*z - 2*z = -2*j + 20, 5*z - 20 = -v*j. Is j prime?
False
Suppose t = 3*m + 6*t - 7519, 0 = -3*m - 4*t + 7517. Is m prime?
True
Suppose 4*y = -5*m + 35619, -4*m + 3*y + 11397 = -17092. Is m prime?
False
Suppose -3*g + 719 = 5*p, -g - 4*p + 255 = 13. Suppose 5*f - 2*c = -355, -c = -3*f - 287 + 75. Let k = g + f. Is k a prime number?
False
Let a be (38/(-8))/(1/4). Let c be (-3 - 7*a) + 1. Let s = c + 8. Is s prime?
True
Let t(h) be the third derivative of -13*h**4/4 - 3*h**3/2 + h**2. Let y be (4/(16/(-10)))/(2/4). Is t(y) a composite number?
True
Is 10/45 + (-1711159)/(-171) a prime number?
True
Suppose 3*s + 0*f - 10 = -f, -4*f = 3*s - 13. Suppose 4*h - 137 = s*h. Suppose -h - 248 = -5*v. Is v prime?
False
Let m(u) = 6*u**2 + 9*u + 11. Let a be m(8). Let d = -306 + a. Is d composite?
True
Suppose 0 = 3*n - 1 + 13, -n = w + 1. Suppose w*f = -5*z + 6065, 4267 + 585 = 4*z - 2*f. Is z a prime number?
True
Suppose 0 = -5*k + 10*k - 680. Suppose 4*y + 5*f - 240 = 253, 3*f = y - k. Is y a prime number?
True
Suppose 4*w + 16*g - 12*g = 10136, 12688 = 5*w - g. Is w a prime number?
False
Suppose 5*y - 4813 = 22257. Is y a prime number?
False
Suppose 0*s = -3*s - 5*i - 17642, 0 = 4*s - i + 23492. Is 9/6 - s/12 a composite number?
False
Suppose -5*g = -4*w + 183542 + 13114, -5*g = 5*w - 245865. Is w a composite number?
False
Let m be (3 + 33)/((-2)/17). Let w = 1491 + -892. Let v = w + m. Is v a composite number?
False
Suppose 2*x = -2*t + 18 + 2, 0 = 2*x - 6. Suppose 0 = t*d - 3*d - 8. Suppose 2*q = 5*m + 609, 3 - d = m. Is q prime?
True
Let u be (-1485)/22*4/(-6). Suppose 3*w - 3*x = u, -4*x + 27 = 4*w - 25. Is w a prime number?
False
Let a = -10061 + 27712. Is a a composite number?
True
Let t(p) = 21*p**2 + 28*p + 8. Let c be 2 + 2/(-2)*(-33)/(-3). Is t(c) composite?
True
Suppose 0 = -3*n - 4*u + 61805, 2*n + 48*u - 41190 = 52*u. Is n composite?
False
Let b = 2616 + -667. Is b a prime number?
True
Is ((136/20)/(-17))/(4/(-29570)) a composite number?
False
Suppose 4*v - 24 + 20 = 0. Suppose 6*s = 3*s - 5*l + 7957, v = -l. Is s composite?
True
Is (-7*(-154763)/147)/((-2)/(-6)) composite?
False
Suppose -6690 = -9*r - r. Let n(b) = b**2 - 8*b + 4. Let s be n(8). Suppose s*q = q + r. Is q a prime number?
True
Let a(r) = 31*r**2 + 8*r - 4. Let x be (-3)/(-2)*32/(-12). Let i be a(x). Suppose -6*l - i = -3706. Is l prime?
True
Suppose r - 2452 = 267. Is r prime?
True
Suppose -728 + 72 = -2*n. Let w = n + 43. Is w a composite number?
True
Let q(c) = 12*c**3 - 21. Is q(6) a composite number?
True
Suppose 2*i + 24 = 28, 0 = -5*g - 2*i + 43409. Is g prime?
True
Let a(o) = 2*o**3 - 19*o**2 + 59*o + 15. Is a(14) a composite number?
True
Let s = -20 + 22. Is (24/2 - s) + -4 a composite number?
True
Let v(x) = x**2 - 10*x + 21. Let s be v(6). Suppose 0 + 6 = -3*z. Is (s + 2)/(z/802) prime?
True
Suppose -441 = -2*w + w. Suppose 0*y = v + 3*y - 124, -w = -4*v - y. Let z = 184 + v. Is z a composite number?
False
Let s(o) = 4*o**2 - 6*o + 9. Suppose -3*v + 68 = -5*b, -2*b + 52 = 3*v + 12. Suppose 4*m + 56 = v. Is s(m) composite?
True
Let a be (0 - 37)*2/(-2) - 1. Suppose -5*j - 1 = -a. Is j prime?
True
Let h be (1 + -364)*(-114)/9. Let i = h - 3251. Is i a composite number?
True
Let y(q) = q**3 - 5*q**2 + 3*q - 8. Let o be y(5). Suppose o*r = 4*r + 159. Is r a composite number?
False
Let y(m) = -4434*m - 587. Is y(-6) prime?
True
Suppose 2 + 7 = 3*u. Suppose 1 = -u*j - d - 2, j - 4*d - 12 = 0. Suppose 4*r + 364 - 1160 = j. Is r prime?
True
Let a(i) = 32*i**2 - 5*i - 7. Let p(u) = 33*u**2 - 4*u - 8. Let y(t) = 5*a(t) - 4*p(t). Is y(4) a composite number?
False
Suppose 0 = 2*u - 5*w - 16, -3 + 1 = 3*u - w. Is 2674/21 + u/6 a prime number?
True
Let c(w) = -w**3 + 5*w**2 + 5*w + 8. Let x be c(6). Suppose 0 = -31*j + 3*j + 19880. Suppose 7*p - x*p - j = 0. Is p a prime number?
False
Suppose 2*q + 2 = 0, 1851 + 738 = d + 2*q. Is d a composite number?
False
Suppose 8549 = 7*p + 198. Suppose -175*h = -174*h - p. Is h a prime number?
True
Suppose 4*i + i - 1105 = 0. Let s be (-34)/i - (-35076)/13. Suppose 4*g - m - s = m, -685 = -g + 4*m. Is g a composite number?
False
Let a(u) = 38*u**2 + u - 4. Let s = 1 - 5. Let z be s/(-6) + 55/(-15). Is a(z) prime?
False
Let l = 8343 - 2856. Suppose -h + 5*h - b - l = 0, h - 4*b = 1383. Is h composite?
True
Let q(g) = -g**2 - 6*g - 7. Let t be q(-5). Let p = 2 + t. Suppose p = -3*w + 4*w - 223. Is w a composite number?
False
Suppose 26*d - 1995 = 33*d. Let c = d - -592. Is c prime?
True
Let i(u) = u**3 + 11*u**2 - 9*u - 31. Let w be i(-8). Suppose -4*k = -2*z - 652, 5*k - 2*z - 1048 + w = 0. Is k composite?
False
Let w(c) be the third derivative of -37*c**6/180 + c**5/40 + c**4/12 + 7*c**2. Let l(p) be the second derivative of w(p). Is l(-3) a composite number?
True
Suppose 8*c = 13*c. Suppose -5*t = -c*t - 5. Is t/(1/(0 + 223)) composite?
False
Suppose -3*p = -2*p. Let n be (1 + p)*2 - 2. Suppose n = 18*g - 22*g + 24. Is g composite?
True
Let a(g) = g**3 - 4*g**2 - 5*g + 3. Let r be a(6). Suppose -3*s = -6*s - r. Is 4/(-10) - 1011/s a composite number?
False
Let r(n) = -n**3 - 11*n**2 + 8*n + 15. Let c be r(-14). Let t = -270 + c. Is t a composite number?
True
Let z(a) = -a + 3. Let w be z(2). Let m be -1 + (156/(-3))/w. Let h = m - -106. Is h a prime number?
True
Let s = -4 - -11. Suppose -s*c + 186 = 1068. Let q = 221 + c. Is q a composite number?
True
Let a(h) = h**2 - 6*h + 4. Let s be a(6). Let d be (-25)/(-10)*(-8)/(-10). Suppose -3*i - 3*z + 150 = 0, -152 - 66 = -s*i + d*z. Is i prime?
True
Let q(m) = 30*m**2 + m - 32. Let j be q(-15). Let g = -696 + j. Is g composite?
False
Let c(w) = -w**2 - 9*w + 10. Let r be c(-9). Suppose 19 = -2*v + y - 6*y, v = 4*y + r. Let i(n) = 33*n**2 + 1. Is i(v) composite?
True
Suppose 27*c = 5*c + 11330. Is c a prime number?
False
Suppose u - 4*y - 44 = -u, -25 = 5*y. Suppose 5*t - 4*f = -u, f = 4*f - 9. Is 53 - t/(-1 - 2) a composite number?
False
Let w = -16 + 22. Is (-4)/8 + 789/w a prime number?
True
Suppose 5*a = 2*s - 3583, -47*s + 43*s - 3*a + 7205 = 0. Is s a prime number?
False
Let t(q) = 3*q**2 - 6*q + 5. Let b = -77 - -36. Let l = b + 35. Is t(l) a composite number?
False
Suppose 3*w - 2*h = 4860, 6*w - 6487 = 2*w + 5*h. Is w composite?
True
Let l(r) = 2*r**3 - 9*r**2 + 15*r - 11. Is l(6) composite?
True
Let x(l) = -4*l**2 + 10*l + 2. Let z(y) = -9*y**2 + 21*y + 4. Let v(s) = -7*x(s) + 3*z(s). Let n be v(7). Is 217*(-4 - n)/(-2) composite?
True
Suppose -2*r - 255 = -1179. Suppose 439 = v - r. Is v a composite number?
True
Suppose 46257 = 9*i - 2010. Is i prime?
False
Let u(m) = m**3 + 40*m**2 + 69*m - 31. Is u(-30) a composite number?
False
Let k(w) = 4072*w**3 + w**2 - 5*w + 17. Is k(2) a prime number?
True
Let p(h) = 15*h - 36. Let k(i) = -30*i + 72. Let b(w) = 3*k(w) + 7*p(w). Is b(7) prime?
False
Let l be 40/15 - 4/6. Let o be 1/(-3)*(-43 - 5). Is 2 + o + l + 2 prime?
False
Is 21 - (17 + 0) - (-16494)/2 a prime number?
False
Suppose 0 = -30*n - 11894 + 121304. Is n a composite number?
True
Let g(n) = 5*n**2 + 1. Let k be g(1). Suppose 0*h + 7 = -h - 2*v, 3*v = -3*h - k. Is h a prime number?
True
Suppose -4*s + 28 = -12. Suppose 6575 = 5*a - 5*r, -r = 4*r + s. Is a a prime number?
False
Let l(g) = 9*g - g**2 + 16 + 0*g + g. Let a be l(11). Suppose 4*r = -a*b - r + 3520, 1429 = 2*b - 5*r. Is b prime?
False
Let m be ((-12)/(-8) + -2)*0. Let b(k) = -k - 2. Let u be b(m). Let f(x) = -22*x**3 + 2*x**2 + 1. Is f(u) a composite number?
True
Let p be 4/((-4)/(-39)